t a(o) = b(o) + 4*h(o). Determine a(-15).
8
Suppose 15332*q - 15273*q = 413. Let g(k) = 2*k**2 - 19*k - 17. What is g(q)?
-52
Let u be 1*(-3 - (-3 + 1)). Suppose 0*c = 3*c, -3*t - 2*c + 24 = 0. Let r(m) = 4*m + 4*m - t*m - 9*m**3. What is r(u)?
9
Let j be 4*1*(-9)/(-12). Let d be (j*1)/(201/335). Let x(y) = -y**2 + 8*y - 15. Determine x(d).
0
Suppose 5*b - 229 = -79. Let x = b + -30. Let l(y) = x*y + 6 + 5 - y - 14. Give l(0).
-3
Let n(r) = r**3 + 2*r**2 + 4. Let z(p) = -16*p + 18*p - 16*p + 81. Let x be z(6). Calculate n(x).
-5
Let t(m) = -135*m - 179 - 225 + 271 - 212 - 193. What is t(-4)?
2
Let k(q) = q + 194. Let h(g) = 30*g + 641. Let w(z) = h(z) - 3*k(z). What is w(-2)?
5
Let q(g) = -28*g**2 + 11*g + 7. Let i(j) = j**3 - 11*j + 1. Let k(f) = -i(f) - q(f). Determine k(28).
-8
Suppose 0 = -1125*n + 1107*n - 90. Let j(s) = -s**3 + s**2 + 3*s - 8. What is j(n)?
127
Let f(t) = -2*t**3 + 3*t**2 + 6*t + 1. Let i be (-1)/(65/78 - 7/6). Give f(i).
-8
Let s(g) be the first derivative of -g**6/120 - g**5/30 + g**4/6 - g**3/2 - 50*g**2 - 62. Let n(h) be the second derivative of s(h). Calculate n(-4).
13
Let m(c) = 9 - 8 - 47*c + 1 + 46*c. Let q = 43 + -25. Let f = 13 - q. What is m(f)?
7
Let h be (0 + -1)*((-220)/15 + 20/12). Let u(k) = -k**2 + 10*k + 35. Give u(h).
-4
Suppose -5*j = 3*p - 44, -401*p = -400*p - 3. Let c(d) = -d**3 + 8*d**2 - 9*d + 9. What is c(j)?
-5
Let g(b) be the third derivative of -1/6*b**3 + 0*b + 1/24*b**4 + 8*b**2 + 0. Suppose -2*c - 5*w - 39 = -4*c, -c + 4*w + 27 = 0. Determine g(c).
6
Let q(t) = -5*t**2 + 154*t - 112. Let j be q(30). Let y(n) = 2*n**2 - 21*n + 19. Give y(j).
-21
Suppose 3*y + 2 = 2*y - 3*b, 0 = -3*b - 6. Suppose 2*p = y*x - 3*x + 14, -2*x + 8 = 2*p. Let k(d) = d**2 - 6*d - 5. Give k(p).
-5
Let i(f) = 2*f + 11. Let v be i(-11). Let q(p) = 35*p - 13*p + 0 + 0 - 5 - 23*p. What is q(v)?
6
Suppose -3*q + 0*q = 0. Suppose 6*y - 9*y + 15 = q. Let j(s) = 6*s + 16. Let u(c) = -25*c - 70. Let r(l) = 9*j(l) + 2*u(l). What is r(y)?
24
Let u(f) = -f**2 + 13*f - 41. Suppose 0 = 5*z - 4*n + 175 - 213, -4*n - 28 = -4*z. Calculate u(z).
-11
Suppose 5*t - 208 = -11*t. Suppose 0 = -9*q - t*q - 44. Let c(h) = h**2 + h + 3. Give c(q).
5
Let j(s) be the first derivative of -s**3/3 + 47*s**2/2 - 545*s - 4471. Give j(21).
1
Suppose z - 5*z = -16. Suppose 2*k - 4*k = -5*w + 60, -z*k = 0. Suppose -c + 2*m + w = -m, -3*m - 15 = -2*c. Let g(x) = -x**3 + x**2 + 3*x + 4. Give g(c).
-5
Let x(h) = 8*h**2 - 3. Let f(s) = 11*s**2 - 3*s - 4. Let j(q) = 3*f(q) - 4*x(q). Give j(5).
-20
Let o(f) = -5*f**2 + 6*f. Let u(p) be the first derivative of 0*p - 25 - 11/3*p**3 + 11/2*p**2. Let r(j) = 9*o(j) - 4*u(j). Calculate r(10).
0
Suppose 0 = -16*j + 730 - 890. Let n(u) = -u**3 - 11*u**2 - 15*u - 52. Calculate n(j).
-2
Let s = 30 - 23. Let c(d) = -996*d**3 - 7 + s*d**2 + 4*d - 1 + 997*d**3. Suppose -18 = 12*v - 9*v. Calculate c(v).
4
Let d be ((-648)/96 - -6)*-8. Let p(v) = -v**3 + 5*v**2 + 4*v - 16. Calculate p(d).
-28
Let r(k) = 2*k - 1. Let a be r(-3). Let o be (-3)/(-4)*(-160)/(-30). Let m(y) = 10*y - 4. Let d(i) = -8*i + 4. Let u(l) = o*d(l) + 3*m(l). Determine u(a).
18
Suppose -5*i + 10 = 4*t, t - 20 = 4*i - 7. Suppose 0 = -2*p + 5*s + 6, 7*p - 4*s = 2*p + 15. Let l(g) = -2 - 2*g + 5*g**2 - 3 + g**3 + p - 6*g**2. What is l(i)?
-10
Let w(o) = 837 + 7*o**2 - 825 - o**3 - 10*o + 0*o - 3*o. What is w(5)?
-3
Let d(h) = -h - 25. Let x be d(-34). Suppose f = -q, 6*q = -5*f + x*q - 24. Let r(z) = z**2 + 3*z - 1. Calculate r(f).
-1
Suppose 2*a = -5*g + 10, -4*a = -2*g - 0*a + 4. Let u(y) = -31 + 19 - 8*y - y**g + 18. Determine u(-8).
6
Let y(v) = 9 - 2 + 3 + 2*v + 5. Let q(s) = -s. Let x be q(8). What is y(x)?
-1
Let g be 27/(-1 - -4) + (-166 - -159). Let n(r) = 4*r**2 - r + 5. Determine n(g).
19
Let a(t) = -3*t + 88. Let h(b) = 60*b - 1580. Let m(u) = -55*a(u) - 3*h(u). What is m(-6)?
-10
Let g(p) be the third derivative of -p**9/60480 - p**8/4032 - p**7/2520 - p**6/720 - 15*p**5/4 + 243*p**2. Let a(u) be the third derivative of g(u). Give a(-5).
9
Let u(g) = -10*g**2 + 12*g - 99. Let v(p) = 27*p**2 - 37*p + 298. Let z(x) = 8*u(x) + 3*v(x). Let f(h) be the first derivative of z(h). Determine f(9).
3
Let q(d) = -d**2 - 2*d + 111. Let j be q(-11). Let m(o) = -2*o + 22. Determine m(j).
-2
Let z(n) = -10*n**2 + 2. Let p be z(0). Let h(b) = 9*b**3 + 5*b - 4. Give h(p).
78
Let v(z) = 229*z + 32. Let d(a) = -42*a. Let u(j) = -6*d(j) - v(j). Determine u(1).
-9
Let p(s) = s**2 - 32*s - 31. Let q(u) = 12*u + 1. Let a(i) = -p(i) - 4*q(i). Calculate a(-17).
10
Let t(q) be the third derivative of 0 + 0*q**5 - 1/24*q**4 + 47*q**2 - 1/6*q**3 + 0*q - 3/20*q**6. Let d(m) = m**2 - 2*m - 4. Let o be d(3). What is t(o)?
18
Let j(f) be the second derivative of -f**5/20 + f**4/12 + f**3/2 - 3*f**2/2 + 7*f + 68. Let t be -1*2/5 - (-34)/10. Give j(t).
-12
Let x(p) = 75067470 + 6*p - 75067453 + 4*p. Calculate x(0).
17
Let h be (21/(-7))/(3/(-3)). Let m(f) = -103*f + 36*f + 37*f + 31*f + h. Give m(-1).
2
Let d(k) = 2*k - 10. Let g(v) = -v**3 - 5*v**2 + 8*v + 5. Let h be g(-6). Let o(m) = -2*m + 7. Let c(y) = h*o(y) - 5*d(y). Suppose 2*r + 0 = 2. Determine c(r).
5
Let i(h) = -7*h**2 + h. Let f be 4 - -1 - (1 + 0). Let p be f/(-16) + (-6)/8 - -43. Suppose -5*b - 47 = -p. Determine i(b).
-8
Let v(n) = -3*n - 4. Suppose -15 = -3*u, -90 = -4*k - 4*u - 78. Give v(k).
2
Let c(k) = -293*k**2 - 3*k + 13 - 7 + 294*k**2. Determine c(-3).
24
Let i(a) = 35 - 123457*a + 61727*a + a**3 + 12*a**2 + 61721*a. Determine i(-13).
-17
Let o(c) = c**3 + 8*c**2 - 7*c + 13. Suppose -v = 3*v + p - 1, 0 = 5*v - 4*p + 4. Suppose -3*z - f - 30 = v, -z + 2*f - 5 + 2 = 0. Calculate o(z).
-5
Suppose -3*d - 4*k + 48 = 0, -36*k + 48 = 9*d - 40*k. Let n(w) be the first derivative of 3 - 1/4*w**4 + 8/3*w**3 + 1/2*w**2 + w. Calculate n(d).
9
Let v(i) = 3*i + 114 - 28*i + 91*i - 24*i - 28*i. Calculate v(-8).
2
Let i = 581 - 198. Let o = i + -366. Let d(j) = -j + 19. What is d(o)?
2
Let k(u) = u + 20. Let j be k(-18). Let l(o) = -4*o + 4*o - 54*o**j + o**3 - 6 + 61*o**2 + 3*o. Let d be 1 + 1 + -8 + 0. Give l(d).
12
Suppose 2*d + 0 = 4, -3*d = -2*s + 36. Suppose 24*b + 9 = s*b. Let g(i) = 5*i**2 + 8*i + 1. Let w(m) = m**2 + m - 1. Let t(c) = -g(c) + 3*w(c). Give t(b).
-7
Let n(q) = 37*q**3 + 3*q**2 + 4*q + 2. Suppose 34 = d + 5*k, 24*k - 28*k = -28. Determine n(d).
-36
Let d(z) = z**3 + 37*z**2 - 6*z - 219. Suppose 4*n - 10*o + 140 = -12*o, -4*n = 3*o + 136. Give d(n).
3
Let q be 18*(-56)/(-16)*(-9)/63. Let z(c) = -c**2 - 7*c + 22. Calculate z(q).
4
Let z(k) = k - 7. Let i = 180 - 739. Let m = 564 + i. Give z(m).
-2
Suppose -6*u - 47 - 43 = 0. Let m be (18/(-15))/((-3)/u). Let t(h) be the first derivative of h**3/3 + 3*h**2/2 - h - 142. Give t(m).
17
Let s(j) = 5*j**3 + 10*j**2 + 5*j. Let o(p) = 2*p**3 + 5*p**2 + 3*p + 1. Let d(f) = 7*o(f) - 3*s(f). Let l(a) = a**2 + 6. Let w be l(0). Determine d(w).
7
Let g be 0/((-2 - -2) + 1). Let h(w) = w**2 - 5*w + 5. Let j(p) = 3*p**2 - 9*p + 6. Let a(k) = -2*h(k) + j(k). Calculate a(g).
-4
Let i(s) be the second derivative of -5*s**4/6 + s**3/2 + s**2/2 + 278*s - 5. What is i(-2)?
-45
Suppose 15*n = 25*n - 30. Suppose 0*f - n*f + 17 = 2*s, s = f + 1. Let d be 27/(-18)*(s - 2). Let t(u) = 2*u. What is t(d)?
-6
Let t(i) = i**3 + 3*i**2 - 11*i - 1. Let q be t(-5). Let p(z) = -26*z + 107. Let u be p(q). Let g(o) = -o**2 + 4*o - 4. Determine g(u).
-1
Let s = -25 - -28. Let n = 7 + s. Let f(o) = -n - 2*o + 16 + 0*o. Calculate f(6).
-6
Let c = -7084 - -7092. Let b(i) = -i**3 + 6*i**2 + 15*i + 1. What is b(c)?
-7
Suppose -1550*v + 1569*v = -475. Let f(w) = w**2 + 29*w + 98. What is f(v)?
-2
Suppose 56*y = 29*y - 756. Let d(i) = 2*i**3 + 57*i**2 + 28*i - 3. What is d(y)?
-3
Suppose -87*d = 57*d + 1584. Let q(b) = b**3 + 10*b**2 - 14*b - 18. Calculate q(d).
15
Let t(u) be the third derivative of -u**4/8 - 19*u**3/6 - 3736*u**2. What is t(-18)?
35
Let v(x) = -23*x**2 - x**3 - 2 - 27 - 463*x + 440*x. Give v(-22).
-7
Let k be 2/(-1 + -1)*3. Let x = 88 - -59. Let c(u) = 2*u + 4*u - x + 75 + 74. Determine c(k).
-16
Let y(t) = -103*t + 109. Let u(r) = 268*r - 272. Let l(q) = -5*u(q) - 13*y(q). Determine l(-14).
-43
Let y(u) = 5*u**2 + 2*u + 3. Let g(z) = -z**2 + z - 1. Let w(x) = 6*g(